*v, -3*v + t + 263 = 0. Suppose -12 = 4*j - v. What is the remainder when j is divided by 7?
5
Suppose -15*x + 25*x = 1220. Calculate the remainder when x is divided by 65.
57
Suppose 3*q - 166 = -v, q + 57 = 2*q + 2*v. What is the remainder when 151 is divided by q?
41
Let b be (-252)/24*(-20)/(-6). Let x = 60 + b. Suppose -219 = -2*o - o. What is the remainder when o is divided by x?
23
Let p = -84 + 99. Let o = 50 + -9. Calculate the remainder when o is divided by p.
11
Let p be 514/10 + (147/(-35))/(-7). Let j = p + -30. Calculate the remainder when 152 is divided by j.
20
Suppose -8*a + 2 = -70. Let y(p) = p**2 - 10*p + 25. What is the remainder when 95 is divided by y(a)?
15
Let l(t) = 2377*t**2 - 3*t - 3. What is the remainder when l(-1) is divided by 17?
14
Let v = -877 - -970. Calculate the remainder when 192 is divided by v.
6
Let c be 4/(-4) + (9 - 1). Suppose 9 = c*l - 12. What is the remainder when 11 is divided by l?
2
Let o(f) = 4*f + 1. Suppose -2*d + 34 = s, -5*d + 2*s + 0*s = -85. Calculate the remainder when d is divided by o(1).
2
Let p = 150 - 108. Calculate the remainder when 121 is divided by p.
37
Let l(f) = -f**3 + 16*f**2 - 27*f - 36. Calculate the remainder when l(13) is divided by 107.
13
Let b = -52 + 65. What is the remainder when 51 is divided by b?
12
Let i = 14 + -6. Suppose 10 - 5 = 20*d - 455. Calculate the remainder when d is divided by i.
7
Suppose 4*l = -13 + 193. Suppose 3*g + l = -159. Let c = 119 + g. What is the remainder when c is divided by 13?
12
Suppose 5*k = -0*k + k. Suppose k = 13*b - 8*b - 75. Suppose 4*n + 139 = 2*x - n, -4*x + 5*n = -253. Calculate the remainder when x is divided by b.
12
Let d be 27 - (2*1 - (-3 - -5)). Suppose 0*o + o - d = 2*j, 3*j = 3*o - 78. Calculate the remainder when 49 is divided by o.
24
Suppose 0 = -3*a + 14 + 1, 4*s - 3*a = 241. What is the remainder when s is divided by 27/3 + 2 - -2?
12
Suppose 4*h - 17 = -x + 2*h, -4*x + 50 = -h. Let i = 4 - 1. Suppose 0 = i*l - 2*l - 37. Calculate the remainder when l is divided by x.
11
Suppose 0 = -13*h + 14*h - 62. What is the remainder when h is divided by 37?
25
Calculate the remainder when 138 is divided by (-1256)/(-32) + 4/16*-1.
21
Let p(h) be the second derivative of h**5/20 - h**4/3 + 5*h**3/6 + 2*h**2 - 15*h. What is the remainder when p(5) is divided by 3 - (-25)/(-3 + 4)?
26
Let y(n) = 8*n + 4. Let l be y(2). Suppose -r + 24 = -l. What is the remainder when 86 is divided by r?
42
Let b = -30 - -8. Let g = 32 + b. Suppose -138 = -3*o + 3*w, -5*o = -3*o + 3*w - 102. What is the remainder when o is divided by g?
8
Suppose o + 1 = -4*k - k, 4*k + 4 = 0. Calculate the remainder when ((-94)/(-2))/1 - o is divided by 12.
7
Suppose 3*u = 5 + 1. Calculate the remainder when 35 is divided by ((-80)/(-2 + -2))/u.
5
Let i(j) = 5*j**2 - 27*j + 53. Calculate the remainder when i(6) is divided by 24.
23
Let g be 80*(-4)/25*-5. What is the remainder when ((-2064)/g)/(1/(-4)) is divided by 26?
25
Suppose -5*a + 165 = 2*c, 4*a + 242 = 3*c + 29. Calculate the remainder when c is divided by 22.
9
Suppose h = 5*h. Suppose -f + 2*f + 30 = h. Calculate the remainder when 13 is divided by (-4)/8 + f/(-4).
6
Let z be 8/4 - (0 - -1). Suppose -4*y = 5*v + 2300, -4*v = -7*y + 2*y - 2916. What is the remainder when z/(3 - y/(-194)) is divided by 25?
22
Suppose -9*a + 6*a - 3*v = -63, 87 = 4*a + 3*v. Calculate the remainder when 77 is divided by a.
5
Let l(s) = 2*s**3 + 6*s**2 + 4*s + 2. What is the remainder when 52 is divided by l(-1)?
0
Suppose 11529 = 76*q - 146323. Calculate the remainder when q is divided by 13.
10
Let s(l) = 2*l**2 + 31*l + 61. What is the remainder when s(-14) is divided by 4?
3
Calculate the remainder when 1/(-2) + (-162)/36 + 500 is divided by 164.
3
Let k = -4 - -6. Suppose -22 = -m - 3*m + k*y, 4*m - 25 = 5*y. Suppose -m = -s - 4. What is the remainder when 2 is divided by s?
0
Let f = -471 + 583. What is the remainder when f is divided by 37?
1
Let s be ((-4)/(-12))/(-1 - (-534)/531). Let r = -27 + s. Calculate the remainder when 93 is divided by r.
29
Let j(g) = -4 + 2*g - 4*g + 4*g + 5*g**2 - 4*g**2. Let w be j(2). Suppose w*f = 0, -5*f - 3 + 17 = m. Calculate the remainder when m is divided by 8.
6
Let i be (2/6)/(4/24). Suppose -i*m + 4*m = 0. Suppose -4*k - 4*a + 72 = 0, 3*k - k + 5*a - 39 = m. Calculate the remainder when k is divided by 6.
5
Suppose -m + 7 + 9 = y, 0 = -4*m - 2*y + 74. Calculate the remainder when m is divided by 11.
10
Calculate the remainder when 244*4/16*1 is divided by 7.
5
Let f be (9 - 5)*(-115)/(-4). Suppose 3*m - f = -2*m. Calculate the remainder when 90 is divided by m.
21
Suppose 3*n - 3*x - 15 = 0, -8*x + 61 = 5*n - 4*x. What is the remainder when n is divided by 6?
3
Suppose w + 0 = 5*k - 1, -3*w - 5*k - 3 = 0. Let z(i) = -88*i**3 + 2*i**2 - i - 2. Calculate the remainder when z(w) is divided by 18.
17
Let u = -599 + 747. Calculate the remainder when u is divided by 27.
13
Suppose j = 3*c + 5*j - 41, 2*c + 3*j = 27. What is the remainder when 87 is divided by c?
12
Suppose 10 = -2*m, v = -v + 4*m - 46. Let u be 753/v + (-2)/11. What is the remainder when (u/2)/(9/(-18)) is divided by 6?
5
Suppose 4*z = 38 + 18. What is the remainder when 43 is divided by z?
1
Let w be 24/1 + -13 + 10. Suppose -w = -l - 19. Calculate the remainder when l/(-4)*31*-2 is divided by 11.
9
Let t(a) = 10*a - 73. Calculate the remainder when t(9) is divided by 8.
1
Let m(u) = -u**2 - 18*u - 22. Let z(p) = -17*p. What is the remainder when z(-1) is divided by m(-16)?
7
Let j(p) = 7*p**2 + 5*p + 1. Let x(k) = -6*k**2 - 5*k. Let m(i) = 4*j(i) + 3*x(i). What is the remainder when 61 is divided by m(-1)?
7
Let s(l) be the second derivative of l**4/12 - 8*l**3/3 + 11*l**2/2 - 3*l. Calculate the remainder when 109 is divided by s(17).
25
Suppose 5*d = -2*o + 791, -3*d + d - 1992 = -5*o. What is the remainder when o is divided by 20?
18
Let r = 30 - 28. Suppose 0 = r*p + 33 - 93. Suppose 2*f = 0, 3*u - 24 = -0*f + 5*f. What is the remainder when p is divided by u?
6
Let u(y) = -y**2 + 9*y + 2. Let t be u(9). Let l be (-7 + 7)*(-1)/(-2). What is the remainder when t - (l - -2 - 31) is divided by 11?
9
Calculate the remainder when 213 is divided by 1020/144 + (-3)/36.
3
Let t(w) = -2*w + 81. Calculate the remainder when 178 is divided by t(18).
43
Let w be 2/(-15)*3*-5. Let g(q) = -5*q - 7 - 2 + w*q + 7. What is the remainder when 42 is divided by g(-8)?
20
Suppose -14*w = -10*w - 16. What is the remainder when 30 is divided by w?
2
Let a be (1/(-3))/(8/(-192)). Let o = 7 - a. What is the remainder when 1 is divided by (1 + (-4)/2)/o?
0
Suppose 5*a - 4*k - 110 = -26, -3*a + 2*k + 52 = 0. Let v(t) = -t**3 + 5*t**2 + 3*t - 3. What is the remainder when a is divided by v(5)?
8
Let u(b) = 33*b**3 + b**2 + b - 1. Suppose 4*m + 11 = 15. What is the remainder when u(m) is divided by 6?
4
Suppose 8*q - 11*q + d = -1245, 0 = 4*q + 3*d - 1673. What is the remainder when q is divided by 12?
8
Suppose -4*v + 0*v + 2*k + 98 = 0, 155 = 5*v + 4*k. Let d = -249 - -355. Calculate the remainder when d is divided by v.
25
Let u(n) = -103*n - 574. Calculate the remainder when u(-7) is divided by 44.
15
Let y(i) = -i**2 + 57. Suppose -17*d = -20*d + 6, 2*q = -2*d + 24. Calculate the remainder when y(0) is divided by q.
7
Let s(a) be the second derivative of -a**3/3 + 5*a**2/2 + 5*a. Suppose 3*x - 21 = 222. Calculate the remainder when x is divided by s(-8).
18
Suppose 0 = -13*v - 4*v + 595. What is the remainder when v is divided by 2/(3/(12/(-8))) + 10?
8
Suppose -143 = -5*x + 2*i, -4*x = -4*i - 87 - 25. Calculate the remainder when 87 is divided by x.
0
Suppose 4*x = 4*v + 8, -2*v - v - 4*x = -15. Let m = v + 2. Suppose 0 = -2*r - p + 33, -r + m*p = 4*p - 18. Calculate the remainder when 28 is divided by r.
13
Suppose 81 = 5*w - 69. Calculate the remainder when w is divided by 20.
10
Let x(i) = -14*i - i + 2 - 4*i + 2*i. Let c be x(10). Let v = -104 - c. What is the remainder when v is divided by 17?
13
Let p(j) = -j**2 - 70*j - 595. What is the remainder when ((-8)/1)/((-2)/4) is divided by p(-60)?
1
Let s be 110 - ((-1 - -3) + 0). What is the remainder when 37 is divided by 2/2 + s/6?
18
Suppose 0 = -w - 2*w + 21. Let o be 